{"id":183,"date":"2024-08-18T15:43:57","date_gmt":"2024-08-18T13:43:57","guid":{"rendered":"https:\/\/rotmilane.com\/?page_id=183"},"modified":"2024-08-18T17:39:28","modified_gmt":"2024-08-18T15:39:28","slug":"unterstuetzen-spenden","status":"publish","type":"page","link":"https:\/\/rotmilane.com\/?page_id=183","title":{"rendered":"Unterst\u00fctzen &#038; Spenden"},"content":{"rendered":"\n<p>Unterst\u00fctzt unseren Pfadfinderstamm: Gemeinsam Gro\u00dfes bewegen!<\/p>\n\n\n\n<p>Wir sind ein junger Pfadfinderstamm voller Energie und Tatendrang. Um noch besser zu werden und unseren Kindern und Jugendlichen unvergessliche Erlebnisse sowie wertvolle Erfahrungen zu erm\u00f6glichen, ben\u00f6tigen wir jedoch noch einen Teil der n\u00f6tigen Ausr\u00fcstung.<\/p>\n\n\n\n<p>Hier k\u00f6nnt ihr uns auf zwei Arten unterst\u00fctzen:<\/p>\n\n\n\n<ol class=\"wp-block-list\">\n<li><strong>Spenden<\/strong>: Jede noch so kleine finanzielle Unterst\u00fctzung hilft uns dabei, notwendige Anschaffungen zu t\u00e4tigen und unsere Projekte zu erm\u00f6glichen. Spenden k\u00f6nnt ihr direkt auf das Konto des CVJM Unterlaimbach Oberlaimbach Markt Bibart e.V. \u00fcberweisen.<\/li>\n\n\n\n<li><strong>Einkauf \u00fcber unsere Amazon-Wunschliste<\/strong>: Alternativ k\u00f6nnt ihr direkt konkrete Artikel spenden, die wir f\u00fcr unsere Pfadfinderarbeit ben\u00f6tigen. Schaut euch gerne unsere\u00a0<a href=\"https:\/\/www.amazon.de\/hz\/wishlist\/ls\/KV5VIQ2YGR3T?ref_=wl_share\"><strong>Amazon-Wunschliste<\/strong><\/a>\u00a0an und w\u00e4hlt einen Artikel aus, den ihr uns schenken m\u00f6chtet.<\/li>\n<\/ol>\n\n\n\n<p id=\"Spende\">Gemeinsam k\u00f6nnen wir unseren Pfadfindern eine unvergessliche Zeit erm\u00f6glichen und ihnen wichtige Werte f\u00fcr die Zukunft mit auf den Weg geben. Jeder Beitrag z\u00e4hlt \u2013 herzlichen Dank f\u00fcr eure Unterst\u00fctzung!<\/p>\n","protected":false},"excerpt":{"rendered":"<p>Unterst\u00fctzt unseren Pfadfinderstamm: Gemeinsam Gro\u00dfes bewegen! Wir sind ein junger Pfadfinderstamm voller Energie und Tatendrang. Um noch besser zu werden und unseren Kindern und Jugendlichen unvergessliche Erlebnisse sowie wertvolle Erfahrungen [&hellip;]<\/p>\n","protected":false},"author":1,"featured_media":0,"parent":0,"menu_order":0,"comment_status":"closed","ping_status":"closed","template":"","meta":{"footnotes":""},"class_list":["post-183","page","type-page","status-publish","hentry"],"_links":{"self":[{"href":"https:\/\/rotmilane.com\/index.php?rest_route=\/wp\/v2\/pages\/183"}],"collection":[{"href":"https:\/\/rotmilane.com\/index.php?rest_route=\/wp\/v2\/pages"}],"about":[{"href":"https:\/\/rotmilane.com\/index.php?rest_route=\/wp\/v2\/types\/page"}],"author":[{"embeddable":true,"href":"https:\/\/rotmilane.com\/index.php?rest_route=\/wp\/v2\/users\/1"}],"replies":[{"embeddable":true,"href":"https:\/\/rotmilane.com\/index.php?rest_route=%2Fwp%2Fv2%2Fcomments&post=183"}],"version-history":[{"count":4,"href":"https:\/\/rotmilane.com\/index.php?rest_route=\/wp\/v2\/pages\/183\/revisions"}],"predecessor-version":[{"id":256,"href":"https:\/\/rotmilane.com\/index.php?rest_route=\/wp\/v2\/pages\/183\/revisions\/256"}],"wp:attachment":[{"href":"https:\/\/rotmilane.com\/index.php?rest_route=%2Fwp%2Fv2%2Fmedia&parent=183"}],"curies":[{"name":"wp","href":"https:\/\/api.w.org\/{rel}","templated":true}]}}