{"id":273,"date":"2024-08-18T18:23:29","date_gmt":"2024-08-18T16:23:29","guid":{"rendered":"https:\/\/rotmilane.com\/?page_id=273"},"modified":"2024-08-18T18:27:56","modified_gmt":"2024-08-18T16:27:56","slug":"die-rover","status":"publish","type":"page","link":"https:\/\/rotmilane.com\/?page_id=273","title":{"rendered":"Die Rover"},"content":{"rendered":"\n<p>Die Laimbacher Rotmilane gr\u00fcnden eine Rover-Sippe f\u00fcr Jugendliche und junge Erwachsene im Alter von <strong>16 bis 20 Jahren<\/strong>. Wir treffen uns einmal im Monat unabh\u00e4ngig von den regul\u00e4ren Gruppenstunden und bieten spannende Pfadi-Aktivit\u00e4ten sowie Ausfl\u00fcge wie Kletterhallenbesuche und Kanufahren an. Unsere Treffen dienen nicht nur dem Abenteuer, sondern auch dem Austausch und der Vertiefung von Pfaditechniken, um als Team zusammenzuwachsen und die Gemeinschaft zu st\u00e4rken. F\u00fcr weitere Informationen schreib uns gerne an <a>pfadfinder@cvjm-unterlaimbach.de<\/a>.<\/p>\n\n\n\n<figure class=\"wp-block-image size-large\"><img loading=\"lazy\" decoding=\"async\" width=\"1024\" height=\"1021\" src=\"https:\/\/rotmilane.com\/wp-content\/uploads\/2024\/08\/LogoRoverLRM-1024x1021.png\" alt=\"\" class=\"wp-image-274\" srcset=\"https:\/\/rotmilane.com\/wp-content\/uploads\/2024\/08\/LogoRoverLRM-1024x1021.png 1024w, https:\/\/rotmilane.com\/wp-content\/uploads\/2024\/08\/LogoRoverLRM-300x300.png 300w, https:\/\/rotmilane.com\/wp-content\/uploads\/2024\/08\/LogoRoverLRM-150x150.png 150w, https:\/\/rotmilane.com\/wp-content\/uploads\/2024\/08\/LogoRoverLRM-768x766.png 768w, https:\/\/rotmilane.com\/wp-content\/uploads\/2024\/08\/LogoRoverLRM-1536x1531.png 1536w, https:\/\/rotmilane.com\/wp-content\/uploads\/2024\/08\/LogoRoverLRM-2048x2041.png 2048w\" sizes=\"(max-width: 1024px) 100vw, 1024px\" \/><\/figure>\n","protected":false},"excerpt":{"rendered":"<p>Die Laimbacher Rotmilane gr\u00fcnden eine Rover-Sippe f\u00fcr Jugendliche und junge Erwachsene im Alter von 16 bis 20 Jahren. Wir treffen uns einmal im Monat unabh\u00e4ngig von den regul\u00e4ren Gruppenstunden und [&hellip;]<\/p>\n","protected":false},"author":1,"featured_media":0,"parent":0,"menu_order":0,"comment_status":"closed","ping_status":"closed","template":"","meta":{"footnotes":""},"class_list":["post-273","page","type-page","status-publish","hentry"],"_links":{"self":[{"href":"https:\/\/rotmilane.com\/index.php?rest_route=\/wp\/v2\/pages\/273"}],"collection":[{"href":"https:\/\/rotmilane.com\/index.php?rest_route=\/wp\/v2\/pages"}],"about":[{"href":"https:\/\/rotmilane.com\/index.php?rest_route=\/wp\/v2\/types\/page"}],"author":[{"embeddable":true,"href":"https:\/\/rotmilane.com\/index.php?rest_route=\/wp\/v2\/users\/1"}],"replies":[{"embeddable":true,"href":"https:\/\/rotmilane.com\/index.php?rest_route=%2Fwp%2Fv2%2Fcomments&post=273"}],"version-history":[{"count":3,"href":"https:\/\/rotmilane.com\/index.php?rest_route=\/wp\/v2\/pages\/273\/revisions"}],"predecessor-version":[{"id":282,"href":"https:\/\/rotmilane.com\/index.php?rest_route=\/wp\/v2\/pages\/273\/revisions\/282"}],"wp:attachment":[{"href":"https:\/\/rotmilane.com\/index.php?rest_route=%2Fwp%2Fv2%2Fmedia&parent=273"}],"curies":[{"name":"wp","href":"https:\/\/api.w.org\/{rel}","templated":true}]}}